2
Let c = -1930 + 2001. What is the greatest common divisor of c and 2059?
71
Let s = 1 + 103. Suppose 14*u + s = 1952. What is the greatest common factor of 12 and u?
12
Let o be -1 + 6/3 + -2. Let h(l) = -l**2 + 1. Let g be h(o). Suppose g = -5*f - 0*f + 420. What is the greatest common divisor of f and 12?
12
Suppose -3*a = 9, 0*s + 3*s + 5*a = -141. Let q be s/(-2) + (9 - 10). Suppose 2*o + 3*o + q = 0, 14 = 2*k + 3*o. What is the greatest common factor of k and 65?
13
Let p be 18 - (0 - ((-24)/8 + 5)). What is the greatest common divisor of p and 305?
5
Let h = 9 - -20. Let a(m) = -12*m + 29. Let w be a(0). What is the greatest common factor of w and h?
29
Let x be ((-5)/50)/((-1)/8)*95. What is the highest common divisor of 304 and x?
76
Let w(v) = -6*v + 130. Let g be w(9). Calculate the highest common factor of 304 and g.
76
Let w(o) = -6*o - 2. Let a be w(2). Let z = a - -14. Suppose z = 4*b - 461 - 43. What is the greatest common divisor of 14 and b?
14
Let h be 6/(-9) - 56/(-3). Let a be (-165)/40 - (-3)/24 - 1. Let w be ((-54)/10)/(1/a). What is the greatest common factor of w and h?
9
Suppose 2*x = -114*l + 111*l + 564, 0 = 4*x + 5*l - 1124. What is the greatest common divisor of 2622 and x?
138
Let v(m) be the third derivative of m**5/60 + 5*m**4/24 - 2*m**3/3 - 6*m**2. Let k be v(-3). Let p = 40 + k. Calculate the greatest common factor of 10 and p.
10
Let h be 102 + ((-4)/(-4) - -2). Calculate the highest common factor of 70 and h.
35
Let n(m) = -m**3 + 11*m**2 - 8*m + 2. Let f be n(7). Suppose 5*k - f - 383 = 0. Let q = k + -51. What is the greatest common factor of 36 and q?
18
Let v(a) = a**3 - 2*a**2 - 3*a + 12. Let j be v(3). Suppose -4*m + 3*m = x - 41, -5*m + 61 = x. Calculate the highest common factor of x and j.
12
Let v(w) = w**3 - w. Let y(g) = -g**2 - 5*g. Let f(i) = -4*v(i) + y(i). Let u be f(-1). Suppose u - 102 = -m. What is the highest common factor of m and 14?
14
Let z be 14/(-56) + (-279)/(-12) + -5. What is the greatest common factor of z and 180?
18
Let m = 78 - 61. Suppose -w - 23 = -2*a + m, -3*a - 5*w + 60 = 0. Calculate the highest common divisor of 120 and a.
20
Let g = 6 - -18. Let b be g/3*(10 + -3). Calculate the greatest common factor of b and 7.
7
Let y = -559 + 623. What is the greatest common divisor of 320 and y?
64
Let y = 65 + -23. Suppose 5*c - 2*a = 56, -2*c - 14 + y = 2*a. Calculate the highest common factor of c and 3.
3
Let v(d) = -d**3 - 8*d**2 - 8*d + 2. Let s be v(-7). Let y = 142 - 97. What is the highest common divisor of s and y?
9
Let r be 2/4 + (-45)/(-6). Suppose 2*j - r - 22 = 0. What is the highest common factor of j and 15?
15
Let z = 28 + 1. Suppose j = -5, -4*t + 3*t + z = -2*j. Calculate the highest common divisor of 209 and t.
19
Suppose -48*u = -41*u - 14. Calculate the highest common factor of 34 and u.
2
Suppose -8 = x + 3*m - 0*m, 5*m = -5*x. Suppose -14 = -x*j - 2. Calculate the greatest common divisor of j and 6.
3
Suppose -5*o + 56 = -14. Suppose 4*h = 2*x - o, 0*h = h + 3. What is the highest common factor of x and 2?
1
Let x(w) = 10*w**2 + 119*w + 9. Let j be x(-12). Calculate the highest common factor of 273 and j.
21
Let v(t) = -103*t - 460. Let h be v(-5). Calculate the highest common factor of 20 and h.
5
Let u(n) = -n**3 + 29*n**2 + 5*n - 67. Let v be u(29). Suppose 11*d + 2*d = v. Calculate the greatest common divisor of d and 96.
6
Let f = 57 + -21. Suppose -f = u - 4*u. Let a be (-18)/(-8) + (-3)/u. Calculate the highest common divisor of 8 and a.
2
Suppose 0*x - 4*x = -4*d + 196, -2*d + 5*x + 101 = 0. Suppose 6*k + 132 = 17*k. What is the highest common divisor of k and d?
12
Let w be 15/6*(-8)/(-10). Suppose -w*n + n + 55 = 0. Let p(v) = -3*v + 29. Let m be p(8). What is the greatest common divisor of n and m?
5
Suppose 66 = 2*o - 5*a - 21, -4*o + 168 = -4*a. Suppose -2*u + q = 3*u - 60, -2*u = 3*q - o. What is the highest common factor of 26 and u?
13
Let u be (-4)/18 - 3176/(-36). Suppose 6*d = 23 + 1. Suppose 4*n + 0*n + 10 = w, -76 = -d*w + 4*n. What is the greatest common factor of u and w?
22
Let v(x) = 10*x - 27. Let n(m) = -21*m + 53. Let o(y) = -6*n(y) - 11*v(y). Let j be o(2). What is the highest common divisor of 33 and j?
11
Let s = -19 + 43. Let q be ((-91)/28)/((-1)/4). Suppose -q*r + 22 = -446. What is the highest common factor of r and s?
12
Let d(m) = 38*m. Let g be d(1). Suppose -6*l + 32 = 2*l. Suppose 0 = 3*t - l*t + 19. Calculate the greatest common divisor of t and g.
19
Let t(d) = d**3 + 19*d**2 + 31*d - 31. Let x be t(-17). Calculate the greatest common divisor of x and 340.
20
Let p(h) = -h + 1. Let j be p(-5). Suppose 0*r - 11 = 3*r + 4*q, 0 = 4*r + q - 7. Suppose 0*l - r*l = -198. Calculate the greatest common divisor of l and j.
6
Suppose -j + 3*a = j - 205, -2*j = 2*a - 230. Let c be 24/(2*(-4)/8). Let u be 0 + (8/(-4) - c). What is the highest common factor of u and j?
22
Let u = -26 - -64. Suppose 4*x + 27 + 5 = 0. Let h = 11 - x. Calculate the highest common factor of h and u.
19
Let k(j) = 10*j**3 + 113*j**2 - 33. Let p be k(-11). What is the highest common divisor of p and 528?
66
Suppose -4*t + 7*t = 4*i + 157, t = -4*i + 63. Let m = 21 - 19. Let y be (1/m)/((-1)/(-22)). Calculate the highest common factor of y and t.
11
Suppose 0 = -5*o + 5*k + 16680, -2*o + 1608 = 2*k - 5080. What is the greatest common factor of o and 20?
20
Suppose 2*f + 4*y = 28, -4*y + 44 = 6*f - 2*f. Let u(j) = 13*j + 66. Let a be u(-5). Calculate the highest common divisor of a and f.
1
Suppose 2*o = -0*f - f - 3, 0 = -4*f + 5*o + 1. Let p be (f/(-2))/((-1)/(-216)). Let t = 922 - 895. Calculate the greatest common divisor of t and p.
27
Suppose 56*f + 1584 = 89*f. What is the greatest common factor of f and 312?
24
Let r = -551 + 605. Calculate the highest common factor of r and 81.
27
Suppose 0 = -u, 10*u - 1265 = -5*c + 5*u. Suppose -4*h + 3*g + 243 = 0, 5*h - g - 192 = 98. Let s = h + -34. What is the highest common divisor of c and s?
23
Let m = 27 + -25. Suppose -3*i + 3 = -3*l, -2*l - i = m*i - 18. What is the highest common factor of 15 and l?
3
Let j be -4*1/(-4) + 37 + -10. What is the highest common divisor of 70 and j?
14
Suppose 58 = t - 5*h, 0 = -5*h + 4 - 24. Suppose 0 = 33*d - t*d + 825. What is the greatest common factor of d and 15?
15
Let m = 1036 + -937. Calculate the highest common factor of m and 264.
33
Let b = 6 + 10. Suppose p = 4*d + 1291, 2*d - 74 = -p - 715. Let n be d/(-4) + (-7)/14. What is the highest common divisor of n and b?
16
Suppose 1 = 23*h - 22*h. Calculate the highest common divisor of 25 and h.
1
Let f be (-1 - (-2 - -2)) + 0. Let p(m) = 48*m**2 - 10*m**2 - 9*m + 8*m. Let b be p(f). Calculate the greatest common factor of 13 and b.
13
Let m(k) = 50*k**2 + 4*k + 3. Let q be m(-1). Let t = q - -1. What is the highest common factor of t and 125?
25
Let q(m) = -m**3 + 6*m**2 + 3*m + 14. Let v be q(6). Suppose 0 = 15*z - 19*z + v. What is the greatest common factor of z and 64?
8
Suppose 0 = 2*i + 4, -2*w = -4*i - 4 - 8. Suppose 0 = -4*c - w*q + 40, 4*c = 3*q - 0 + 30. Calculate the highest common divisor of 1 and c.
1
Let k = -266 + 310. What is the highest common factor of k and 396?
44
Let r = -17 - -12. Let t(p) = -p**2 - 5*p - 3. Let j be t(r). Let q be 3 - j/(-2)*-6. What is the greatest common factor of q and 132?
12
Let o be (-2 - -22)/(((-8)/(-4))/144). Calculate the greatest common factor of 12 and o.
12
Let m be ((-133)/114)/(4/(-144)). Calculate the greatest common divisor of m and 102.
6
Let s(h) = 2*h - 26 + 7 + h - 8*h. Let p be s(-7). What is the greatest common divisor of 40 and p?
8
Suppose 0 = -2*l + 3*a + 16, -64 = -4*l - 9*a + 7*a. Calculate the greatest common factor of 448 and l.
14
Suppose 4*n + 11 = -z + 2*z, 4*n - 64 = -4*z. What is the highest common divisor of z and 465?
15
Let t(l) = l**2 - 4. Let b be t(-2). Suppose r + 2 = b, -3*s + r = 5*r - 64. What is the greatest common factor of s and 36?
12
Let k(d) = -10*d - 3. Let j be k(-2). Let r(p) = 2*p + 8. Let u be r(11). Let b be (-135)/(-2) - (-5)/u*3. What is the greatest common factor of j and b?
17
Let f(p) = -2*p**2 + 18*p - 6. Let x be f(3). What is the greatest common divisor of x and 246?
6
Let l = 210 + -168. What is 